876 (base 12) in base 2?
-100000110010011010
Convert -90a7a (base 15) to base 8.
-1576406
7312360 (base 8) to base 10
1938672
-6809763 (base 12) to base 9
-41435433
46c5a (base 14) to base 12
83a40
Convert 1038c27 (base 14) to base 15.
a174ed
What is 1693f (base 16) in base 2?
10110100100111111
3351321 (base 6) to base 8
514201
What is -5ca26 (base 16) in base 10?
-379430
-176615 (base 14) to base 12
-3390b7
What is -573a10 (base 13) in base 6?
-112130422
What is -45330154 (base 6) in base 5?
-323132220
1110022310 (base 4) to base 16
542b4
What is 360541 (base 7) in base 6?
1221221
-10012022002001 (base 3) to base 8
-6365501
What is 2640235 (base 9) in base 4?
11200130132
What is -38804 (base 13) in base 7?
-614000
Convert 515334 (base 6) to base 3.
2002202211
-1000011000011011100010 (base 2) to base 9
-4118013
-12254142 (base 7) to base 14
-20b059
What is 415252 (base 8) in base 7?
1113015
-20d602 (base 14) to base 4
-10033212302
What is -3779c6 (base 13) in base 9?
-2447542
Convert 1302303123 (base 4) to base 9.
786033
Convert -232001131 (base 4) to base 5.
-22013014
Convert 220111002121 (base 3) to base 9.
814077
Convert 1000a38 (base 15) to base 8.
53353640
30006136 (base 7) to base 16
25bb3b
What is 10010100000011111 (base 2) in base 11?
51a56
What is 31300014 (base 5) in base 3?
111011210211
Convert 223121022 (base 5) to base 10.
988887
-4bb7b (base 12) to base 10
-103631
1029a3b (base 12) to base 5
1234410440
Convert -24b90 (base 15) to base 4.
-130221300
What is 7d035 (base 16) in base 13?
14c0b9
Convert -21202112011 (base 3) to base 10.
-152743
What is -100000000100010100110 (base 2) in base 16?
-1008a6
77a808 (base 11) to base 3
2100012121220
Convert 11111110110001001 (base 2) to base 13.
474ac
21412060 (base 7) to base 10
1835092
What is 1a40033 (base 11) in base 10?
3440671
6040777 (base 9) to base 4
30101002213
Convert -201206 (base 11) to base 5.
-40324211
37476645 (base 8) to base 16
7e7da5
What is -12201412 (base 5) in base 8?
-342221
Convert -377bb13 (base 12) to base 7.
-161232642
What is -20bbd (base 16) in base 15?
-29ad7
9735987 (base 10) to base 11
554a878
Convert 12006666 (base 7) to base 15.
15e696
Convert 212222210112 (base 3) to base 9.
788715
What is 15141466 (base 7) in base 3?
2201002122101
Convert -185a9b (base 12) to base 3.
-210120212202
What is 10222100110020 (base 3) in base 2?
1000000011110111001100
What is 10630 (base 15) in base 8?
145464
What is 1211012202021 (base 3) in base 14?
1b301d
What is -123114403 (base 5) in base 3?
-1010101102222
-20012022021022 (base 3) to base 14
-61a16a
65965 (base 11) to base 13
34707
Convert 13585477 (base 9) to base 8.
31526550
214255 (base 7) to base 3
1220110211
21021111211 (base 3) to base 15
2c6a7
Convert -31120221302 (base 4) to base 8.
-15305162
What is -8cc62 (base 15) in base 3?
-211202221102
What is 4219c7 (base 13) in base 12?
62693b
34222 (base 10) to base 8
102656
What is 1483dd2 (base 14) in base 9?
20730187
Convert -53cc84 (base 13) to base 5.
-1001030043
14481 (base 12) to base 5
1401241
2302122 (base 6) to base 8
344602
-308324 (base 11) to base 10
-494190
What is 5407510 (base 8) in base 3?
2201110010121
What is b59356 (base 13) in base 6?
231011443
Convert -9ccb69 (base 13) to base 11.
-2106433
-3261920 (base 11) to base 10
-5727073
What is 1111011100010010101 (base 2) in base 12?
2049b1
What is 4662131 (base 10) in base 15?
62158b
What is -10100111001100010 (base 2) in base 15?
-1a56c
-101000111000000001 (base 2) to base 16
-28e01
Convert -322350 (base 7) to base 5.
-3243331
What is -41043311 (base 7) in base 10?
-3422609
Convert 111010011010010110011 (base 2) to base 12.
7837ab
14155133 (base 6) to base 7
4045053
Convert 18981a0 (base 12) to base 4.
103300000020
Convert -2011301 (base 6) to base 15.
-1d1dd
What is 342576 (base 8) in base 12?
57226
What is 12120002001 (base 3) in base 16?
1ab5d
Convert -106413 (base 7) to base 3.
-222011100
Convert -311313301 (base 4) to base 9.
-365614
Convert 3421947 (base 10) to base 6.
201202203
What is 1013534003 (base 6) in base 15?
dd34e0
-94222 (base 11) to base 4
-201202033
What is -4922114 (base 10) in base 4?
-102301230002
Convert 6325451 (base 7) to base 4.
2322102320
What is -21211200100 (base 3) in base 7?
-1211616
-127014 (base 10) to base 7
-1036206
Convert -aa7a1 (base 15) to base 2.
-10000100010000011110
Convert -10000001011111 (base 2) to base 8.
-20137
100100110101101000001 (base 2) to base 6
41512241
Convert 122011224 (base 6) to base 14.
44aa2c
-6700a0 (base 13) to base 4
-21100232213
What is 203400214 (base 6) in base 7?
42002446
Convert 33202103103 (base 4) to base 14.
7802c3
10322320203 (base 4) to base 11
801022
Convert -593924 (base 11) to base 13.
-26ca99
Convert -100000001111110110 (base 2) to base 6.
-2455302
-2002211100221 (base 3) to base 11
-6a4428
Convert 128339 (base 12) to base 14.
7d017
1c071 (base 16) to base 15
24036
Convert -54304462 (base 7) to base 11.
-268a3a5
-116646650 (base 7) to base 16
-7105df
What is 3103130320 (base 4) in base 13?
2442b5
Convert -b1bb0 (base 12) to base 15.
-48910
-410063 (base 7) to base 4
-101000222
11011001101000111111 (base 2) to base 10
891455
Convert 19c92 (base 15) to base 16.
1477d
182176 (base 12) to base 16
6626a
Convert -12420a (base 11) to base 6.
-4110553
What is -32131023303 (base 4) in base 16?
-39d2f3
What is -1344124 (base 6) in base 2?
-10010100100110100
Convert -1023244444 (base 5) to base 11.
-124a07a
What is -2ae24 (base 15) in base 12?
-67b74
What is -32103022120 (base 4) in base 7?
-43601404
What is -132113212 (base 4) in base 11?
-85502
What is 4021511 (base 6) in base 11?
11a511
What is 87799 (base 11) in base 7?
1040300
-32411bb (base 12) to base 2
-100100011001001111011111
Convert 3200236 (base 7) to base 2.
1011110011001111110
-2320231031 (base 4) to base 3
-1102102210122
cc893 (base 16) to base 3
1120120012212
-943171 (base 10) to base 4
-3212101003
Convert 14151526 (base 8) to base 5.
1304343310
What is 3984420 (base 11) in base 6?
403340420
-12005184 (base 9) to base 14
-ac3b25
What is -26352 (base 13) in base 5?
-4232003
What is -2544544 (base 6) in base 16?
-21cd0
-1222144 (base 5) to base 3
-1012010120
What is 22c172 (base 14) in base 9?
2206428
Convert 20011101230 (base 4) to base 16.
20546c
81818d (base 14) to base 7
52041636
1011010110001100 (base 2) to base 14
12d1a
575034 (base 8) to base 2
101111101000011100
What is -223203321210 (base 4) in base 13?
-249a85a
Convert -10043040 (base 5) to base 16.
-13c7c
Convert 25c91 (base 14) to base 12.
45a07
What is -181958 (base 11) in base 16?
-44856
Convert -2a64669 (base 12) to base 6.
-504100213
Convert cac0b0 (base 14) to base 13.
1567676
What is 231022332 (base 4) in base 13?
662a6
What is -357086 (base 11) in base 15?
-b297e
-145089 (base 10) to base 12
-6bb69
What is -5b3717 (base 13) in base 14?
-409c62
Convert -91b2b (base 12) to base 13.
-68612
What is -220100001101 (base 3) in base 16?
-74f0e
68a7520 (base 11) to base 8
56036220
What is -84776 (base 9) in base 10?
-56040
111100122202 (base 3) to base 15
52d7e
30561351 (base 7) to base 8
11632574
What is 6988881 (base 10) in base 16?
6aa451
2384a82 (base 11) to base 5
2030300102
34124514 (base 6) to base 15
1577a4
What is -153982 (base 12) in base 3?
-200020120122
10420301 (base 5) to base 11
630a2
Convert -27102a (base 13) to base 8.
-3465152
Convert 16344774 (base 8) to base 6.
213101340
What is -100011111101010011011111 (base 2) in base 3?
-122201220020102
What is -11101111111100 (base 2) in base 14?
-584c
Convert -d3dd (base 15) to base 5.
-2413013
Convert -557645 (base 14) to base 10.
-2901645
What is -4100341 (base 5) in base 6?
-1224133
What is 13115556 (base 9) in base 4?
120211332123
Convert 27568d (base 15) to base 12.
772737
What is 68a95 (base 11) in base 8?
302740
Convert 5911b98 (base 12) to base 2.
1000001100101101001100100
What is a2bd (base 14) in base 11?
1a044
What is 4698254 (base 12) in base 10?
13637728
2cdc2 (base 16) to base 13
65834
Convert 3030013334 (base 5) to base 12.
205b138
-12829531 (base 10) to base 6
-1134551551
What is 104bb8 (base 16) in base 13?
2b513a
What is 291401 (base 12) in base 13?
1b068b
-2053350 (base 6) to base 3
-12002222010
What is -35f6f7 (base 16) in base 10?
-35